p - 6816 = 0. What is the greatest common factor of p and a?
6
Suppose -3*g + 163 = -5*p, -19*g = -24*g + 5*p + 275. Calculate the highest common factor of g and 98.
14
Let m be (-12)/2*(-24)/2. Let x = 207 - 208. Let v be 3*(11 - (-8)/x). Calculate the highest common factor of m and v.
9
Suppose 27*l - 70344 = -11*l + 20*l. What is the highest common factor of l and 24?
4
Let i = 34 - 66. Let d = i - -62. Let r = 572 + -562. Calculate the highest common divisor of r and d.
10
Suppose -87*j = 18*j + 35*j - 12180. What is the greatest common divisor of 4901 and j?
29
Suppose 5*q = -t + 17, 3*t = -t + 5*q - 57. Let r be (-2)/(((-4)/(-3))/(t/12)). Let u be (0 - r)*(3 - 4)*9. Calculate the greatest common factor of u and 45.
9
Let n(c) = -14*c + 62. Let u be n(4). Suppose u*r = 19*r - 65. What is the greatest common divisor of r and 120?
5
Suppose -o + 2*c + 732 = 2*o, o - 2*c - 248 = 0. Suppose -5*l + 38 = -o. Suppose 0 = -2448*r - 4478*r + 290892. What is the greatest common factor of r and l?
14
Let v = 177 - 177. Let h be (1 + v)*(15 + 10). Let q(c) = 224*c + 1. Let i be q(1). What is the greatest common factor of i and h?
25
Let j(o) be the third derivative of 7*o**4/24 - 4*o**3/3 + 144*o**2. Let r be j(9). What is the greatest common factor of r and 99?
11
Let g(m) = -4*m - 3 + 51 - 7 + 7*m. Let j be g(-9). Let l be (3/5*j)/((-2)/(-10)). Calculate the highest common factor of l and 63.
21
Let u = -1832 - -1270. Let c = 657 + u. Calculate the greatest common factor of 209 and c.
19
Suppose 3*o + 16 = 2*p, 0 = -p + o + 7 - 0. Suppose 9*n = 5*n + p*x + 59, -41 = -n - 4*x. Calculate the greatest common divisor of n and 42.
21
Let f(d) = -699*d - 3481. Let c be f(-5). What is the greatest common factor of 413 and c?
7
Suppose w - 204 = -5*p, 208 = 5*p - w - 2*w. Let i be (-1690)/(-10) + -9 + 4. What is the greatest common divisor of p and i?
41
Suppose 5*o = 5*l + 37170, -7722 - 14580 = -3*o + 5*l. Calculate the greatest common factor of o and 378.
126
Let u be -2*(-1 - (-721)/(-2)). What is the greatest common divisor of u and 3?
3
Let o(u) = -u**2 + 13*u - 19. Let x be o(11). Suppose x*d + 513 = 2*v + 42, 5*d = 5*v - 1190. Calculate the highest common factor of 9 and v.
9
Suppose 5*r - 2*i = i + 101, 0 = 5*r + 3*i - 119. Let t(n) = n**3. Let q be t(0). Suppose 3*u - 327 - 201 = q. What is the highest common divisor of u and r?
22
Let u = -17599 - -18094. Calculate the highest common factor of 8250 and u.
165
Let u(h) = 2*h**2 - 18*h - 80. Let o be u(15). Calculate the greatest common divisor of 140 and o.
20
Let u(w) = -147*w**2 - 15588*w + 131. Let r be u(-106). Calculate the highest common divisor of r and 236.
59
Let d be (-30)/((-60)/(-40)*(-4)/6). Let r be (210/20 + (-4)/2)*d. Calculate the highest common factor of r and 17.
17
Let a(n) = 10*n**2 - 99*n + 191. Let l be a(8). What is the greatest common divisor of l and 2431?
13
Let a(g) = g**3 - 11*g**2 + 15*g - 77. Let d be a(11). Let r be (-335)/30*-1 + 4/(-24). Calculate the greatest common factor of r and d.
11
Let s = -28 + 68. Let i be (14 - (-10)/5)/(2/8). What is the greatest common divisor of i and s?
8
Let j be -6 + 147 + 0/(-13). Let c = -379 + 614. Calculate the highest common factor of c and j.
47
Let i(d) = 5*d**2 - 41*d - 153. Let j be i(-11). What is the greatest common factor of 273 and j?
21
Let y(p) = p + 17. Let h be y(-7). Suppose -h = -8*d + 6. Suppose -69 + 15 = -d*n. Calculate the greatest common factor of 27 and n.
27
Suppose y - 420 = 2*v + 341, -2220 = -3*y - 3*v. What is the highest common factor of y and 9?
9
Suppose 5*d + 3519 = 3*a, 3*d = -32*a + 36*a - 4714. Calculate the greatest common divisor of 7 and a.
7
Let j = -317 + 337. Calculate the greatest common divisor of 36 and j.
4
Let d = -237 + 672. Let a = -14569 - -14584. Calculate the highest common divisor of d and a.
15
Let w(z) = -272*z - 2922. Let y be w(-19). What is the highest common factor of 2 and y?
2
Suppose -20*k - 18*k + 20900 = 6*k. Calculate the greatest common factor of k and 1330.
95
Suppose -3*z + 44 = -z - 4*n, -2*z + 42 = -3*n. Suppose 15 = -p + d + z, -2*p = 2*d - 18. Calculate the highest common factor of 16 and p.
2
Suppose 9717 = 35*t - 12926 + 2168. What is the greatest common divisor of t and 2205?
45
Suppose 57 = -h - 2. Let k = h - -98. Let t be (-3)/(3 + -4) - 0. What is the greatest common divisor of k and t?
3
Let b = 21406 + -21376. Calculate the greatest common factor of 10930 and b.
10
Suppose -n - 4*b = 219 - 460, 0 = 2*n + 4*b - 502. What is the greatest common factor of 117 and n?
9
Let v be (1 + 9)*(-9)/((-3)/1). Let a = v + -13. Let q be 17 - (2 + -3)*0. Calculate the greatest common factor of q and a.
17
Suppose -57 = 3*c - 324. Calculate the highest common divisor of 5251 and c.
89
Let g(w) = w**2 + 9*w + 7. Let q be g(7). Let c(t) = 80*t - 2233. Let b be c(28). What is the highest common factor of q and b?
7
Let u be (7/(-35))/(21/175) - 155/(-3). What is the greatest common factor of u and 3800?
50
Suppose 0 = -47*n + 1932 - 99. Suppose 4*l - 299 = 2*s + s, s - 3*l = -98. Let d = s - -153. Calculate the highest common divisor of n and d.
13
Suppose 11*j = 5*j + 726. Calculate the highest common factor of j and 7381.
121
Suppose 55*a - 1 = 56*a - 27. Calculate the greatest common divisor of a and 338.
26
Let f be (-135)/(-1) + (204 - 198). What is the greatest common factor of f and 329?
47
Let y = 38 - 34. Suppose -u = 5*c - 44, -3*u + 38 + 18 = -y*c. Let k = -2 + u. What is the highest common factor of k and 55?
11
Let x = 17329 + -17325. Calculate the highest common divisor of x and 1188.
4
Let j(s) = 3*s**2 + 4*s + 21. Let z be j(-5). What is the highest common factor of 1748 and z?
76
Suppose -1617 = -76*m - m. What is the highest common divisor of 777 and m?
21
Let j be 3 + -1 + (-5)/(-5). Let d be 12/j - (-8 - -12). Suppose d = 3*w + w - 396. Calculate the highest common factor of w and 11.
11
Suppose -8*l + 40477 = 7829. Suppose 0 = -11*f + 18*f - l. Calculate the highest common factor of 53 and f.
53
Let b(y) = y**3 - 7*y**2 - 2*y + 20. Let o be b(7). Suppose -10*a - o = -56. What is the highest common factor of 20 and a?
5
Suppose -32*z = -31*z - 4*y - 709, -673 = -z - 5*y. Calculate the greatest common factor of 252 and z.
63
Let y(x) = 2*x**3 - 105*x**2 + 6*x - 3109. Let w be y(53). Let b(r) = 314*r**3 + r**2. Let u be b(1). What is the greatest common divisor of u and w?
9
Suppose -5*b + 4 = 4*c, 3*c - 5 + 2 = 0. Suppose b = 13*z - 18 - 34. Let d be ((-42)/(-12) - z) + (-230)/(-4). What is the highest common divisor of d and 19?
19
Suppose -20 = -6*f - 4*f. Let t(p) = -p**3 + 47*p**2 + p - 36. Let m be t(47). Calculate the highest common divisor of m and f.
1
Let x = -1419 + 2766. Let b = x - 762. What is the greatest common divisor of b and 65?
65
Suppose -y + 1923 = -3*y + 2183. Calculate the highest common divisor of y and 580.
10
Let q be (-2344)/(-26) - 18/117. Let r = 9 + -6. Suppose -637 = -r*c - 232. Calculate the greatest common factor of c and q.
45
Suppose -107*g + 38*g + 345 = 0. Let q(r) = -7*r + 5. Let n be q(7). Let t = -24 - n. What is the greatest common factor of t and g?
5
Let r(z) = -130*z**3 - z**2 - 2*z - 1. Let i be r(-1). Suppose -1497 = -6*l - 417. Suppose -l = -5*c - i. Calculate the greatest common factor of 25 and c.
5
Let o(c) = -2*c + 16. Let f be o(8). Suppose -85*m + 89*m - 112 = f. Calculate the greatest common factor of 119 and m.
7
Suppose 3*x - 5*u = 49, 0*x + 75 = 5*x - 5*u. Let g(v) = -4*v**3 + 53*v**2 - 10*v - 13. Let r be g(x). What is the greatest common factor of 117 and r?
13
Let c be 2340 - (-5)/3*(-10 - 177/(-15)). What is the highest common divisor of 1065 and c?
213
Let p = -161 - -165. Calculate the greatest common factor of 922 and p.
2
Let k be 602/3 - (-2)/(-3). Let f = 3648 - 3608. What is the greatest common divisor of f and k?
40
Let l be (2 - (1 - 0))*(1018 + -2). Suppose 0 = 2*i - 3*y - 405, -8*i + 3*i + 4*y = -l. Calculate the highest common divisor of i and 12.
12
Suppose 0 = -18*n + 3*n - 15. Let o be 2/(1 + -3)*47*n. Suppose p + 752 = 3*p. What is the greatest common divisor of p and o?
47
Let k(m) = 28*m + 37. Let z be k(-10). Let t = 265 + z. What is the greatest common factor of t an